 number?
True
Suppose -n + 14 = 6*n. Let v = -15 - -19. Suppose 0 = -v*m - n*m + 1914. Is m a prime number?
False
Suppose 155642 = 2*q - 90*p + 86*p, 5*p - 155642 = -2*q. Is q a prime number?
False
Suppose -3*y + 10 = -8. Let w be (-2)/y*(5 - 8). Is w/(1055/(-530) + 2) composite?
True
Suppose 0 = 5*r + 5*m - 4270, 0*m + 838 = r - 3*m. Let z = r - 1376. Is z/(-1) + 5 + 0 + -4 a prime number?
False
Suppose -2 = 2*l - 4*f - 14, 5*l = -5*f + 105. Let j = l - 13. Suppose -j*g + 761 = -160. Is g a prime number?
True
Let j(u) = -186*u - 75. Let o be ((-96)/(-56))/(12/(-42)). Is j(o) prime?
False
Is (-324 - -323)*((-1 - 1) + -3789) a composite number?
True
Let l(c) be the third derivative of 53/3*c**4 + 11/6*c**3 + 0*c + 0 + 11*c**2. Is l(2) composite?
False
Suppose 4 = 2*s + 4*l, -7*l + 6*l - 1 = 0. Suppose 2*u + 10 = 0, -4*u = s*h - 83 + 3. Is h composite?
True
Suppose -17*y = -15*y - 5*b - 2119, 3*y - 2*b = 3195. Suppose 3*c + y = a - 690, 5*c = 4*a - 7056. Is a composite?
True
Let c be (17046/(-12))/((-2)/(-16)). Let h = 7056 + c. Let z = h + 6409. Is z a prime number?
False
Suppose 2*o + 10 - 20 = 0. Suppose 6119 = -5*v + o*m + 33929, -5*v = 3*m - 27802. Is v a prime number?
False
Is (21753/(-36))/(6/816*-2) a composite number?
True
Suppose -4*m = 4*j - 741422 - 508710, -m = 4*j - 312509. Is m a prime number?
False
Let i(f) = 39*f**2 + 23*f - 73. Let b(y) = -y**3 + 13*y**2 - 11*y - 6. Let o be b(12). Is i(o) a prime number?
False
Let n be 0 + 8 + -4 + 4. Suppose -6 = 5*v - n*v. Is -4 + (691 - (v + 0)) composite?
True
Let m(c) = 111*c**2 + 13*c + 4. Let l be m(-9). Suppose 0 = 3*d - 15, 5*r - 2*r = 4*d + l. Suppose -5*j + r - 61 = 0. Is j prime?
False
Let j(a) be the second derivative of a**5/20 - 17*a**4/12 - 15*a**3/2 - 24*a**2 - 2*a - 4. Is j(21) composite?
True
Suppose -3 = -s, 5*y - 10*y + 98667 = 4*s. Let v = -10226 + y. Is v a prime number?
False
Let g(d) = 24*d**3 - 36*d**2 + 60*d - 194. Is g(16) composite?
True
Is -8 + (-1390020)/(-35) - (-4)/28 prime?
False
Let a = -34 - -30. Let h be 12/(-16) + 507*(-1)/a. Is 111*((-6)/2 - h/(-27)) prime?
False
Let n(y) = 783*y + 106*y**2 + 780*y - 1569*y + 7. Is n(2) composite?
False
Let w = -6278 - 3143. Let b = -3852 - w. Is b a composite number?
False
Let v(y) = -3*y + 1729. Let k be v(0). Suppose 476 = -5*q - 14. Let x = k + q. Is x a prime number?
False
Let w(k) = -3*k**3 + 7*k**2 + 22*k + 20. Let c be w(-9). Suppose -10086 = -3*t + z + c, -3*t = -2*z - 12667. Is t prime?
True
Let d be 4/(-14) - 481/(-182)*2. Suppose -4*q - 6*h + 58361 = -d*h, 5*h - 14576 = -q. Is q a composite number?
False
Suppose 4 = -j + 22. Let k(a) = -a**3 + 18*a**2 - a + 20. Let l be k(j). Suppose -l*y = -29 - 733. Is y a prime number?
False
Suppose 0 = 2*p - 3*z - 81151, 2*z - 598 = -p + 39967. Is p prime?
False
Let b be ((-34)/(-3) + -4)/(6/(-63)). Let n = b + 85. Is 32/n + 131*5 prime?
True
Let l = -942884 - -1627347. Suppose -51*i + l = -14*i. Is i a composite number?
True
Is 3*(-3)/(-18)*173*3856/8 composite?
True
Suppose 5*f - 46 = -21, -5*f = -4*o - 5. Is (-5 + o + 1/(-3))*-3957 composite?
False
Suppose -708*n - 32260 = -712*n. Suppose 0*a + 3*a = -4*h + 24211, 0 = -a + 4*h + n. Is a composite?
False
Suppose 0 = w + 4 - 7. Let d = 88 - 78. Suppose j + 2 + 4 = t, -w*t - j = -d. Is t a composite number?
True
Let d(o) = o**3 + 3*o**2 + 3*o - 3. Let v be d(3). Suppose -2*p + 5*f + v = -12, -p + 10 = 4*f. Suppose 27*i - p*i = 1901. Is i prime?
True
Let o(z) = 370*z - 87 - 190 - 34. Is o(10) prime?
True
Suppose 0 = -5*m + 562 + 2893. Let t = -1064 + m. Let z = t - -842. Is z a composite number?
True
Suppose -3*y + 8*y - 20 = -3*c, y + 3*c - 4 = 0. Suppose -46*w + 48*w = 0. Suppose 3*u + r - 1733 = 0, -y*u + 2*r + 2648 - 344 = w. Is u a prime number?
True
Suppose -4*p = 16, 9*s + 8 = 5*s + 4*p. Is -183208*(-15)/240 + s/4 a prime number?
False
Let v(n) = 2*n**3 + 18*n**2 - n - 1161. Is v(30) composite?
True
Suppose 0 = -5*u - 4*p + 200479, -4*u + 13593 = -4*p - 146819. Is u composite?
False
Let d = 379 - 314. Is ((-26)/d - 11024/(-10)) + 1 prime?
True
Let p(i) = 730*i**2 + i - 8. Let y(j) = 730*j**2 + 2*j - 7. Let v(h) = -6*p(h) + 7*y(h). Is v(1) a composite number?
True
Let g be 0/(-1) - (8 + -5). Let j be ((-3)/(-4))/g + 1648/(-64). Is (j/39)/(2/(-1011)) a prime number?
True
Suppose 5*w + 923 = 2*o, 560 = -3*w - 3*o - 2*o. Let z = 260 + w. Let d = -52 + z. Is d prime?
True
Let c be (3/(3/8))/((-38)/(-57)). Suppose c*s - 2271 = 2481. Suppose s + 448 = 4*j. Is j a composite number?
False
Suppose -7*f = -0*f + 8547. Let w = 277 - f. Suppose 6*u - w = 404. Is u composite?
False
Let z be 16/(-6)*6*1/(-4). Suppose -z*s - 2*l + 13696 = 0, 2*s - 1892 - 4964 = l. Suppose 0 = -5*p - p + s. Is p a composite number?
False
Is ((-4358)/(-8) + -3 + 3)/((-63)/(-1260)) composite?
True
Let d(a) = 1314*a**2 + 17*a - 321. Is d(10) composite?
False
Let f be (-1)/(175/45 - 4). Suppose -3*d = f*l - 12*l + 5037, -4*l = -d - 6716. Is l a prime number?
False
Let u = -7 + 12. Suppose -36880 - 615 = -u*y. Is y a composite number?
False
Suppose 0 = 108*y - 56280195 + 1064007. Is y a prime number?
True
Suppose -4*h + 62*a = 60*a - 62840, 0 = -h - 3*a + 15710. Is ((-52)/5 - -10)/((-4)/h) a composite number?
False
Let b(o) = -9*o - 15. Let z be b(-8). Let a = 60 - z. Suppose -a*v = 2*i - 4113, 2*v + 2*i - 1289 - 1455 = 0. Is v prime?
False
Let d(a) = 27*a**2 + 51*a - 169. Is d(-28) a composite number?
False
Suppose -40*p = -37*p + 4*l + 30287, 0 = -5*p - 4*l - 50465. Let i = -4931 - p. Is i a prime number?
False
Let i(s) = s**2 + s. Let f(t) = -6*t**2 - t + 32. Let b(z) = -f(z) + 6*i(z). Let a be b(-11). Let m = -222 + a. Is m a composite number?
True
Suppose 0*u + 3*u - g - 38088 = 0, u - 5*g - 12682 = 0. Suppose -u = -a - 3606. Is a composite?
False
Let p = 46 - 34. Let v = p - 40. Is (-12)/v - 6624/(-28) composite?
True
Let t(d) = d**2 - 16*d - 2. Let g be t(17). Suppose -11901 + 65166 = g*h. Is h prime?
False
Suppose 5*h - 11 - 12 = 2*k, -3*k = 5*h - 28. Let t be (7 - (2 - k))/(-1). Is 9/t - (-9556)/8 a composite number?
False
Suppose 17*t + 96954 = 23*t. Let i = t + -9545. Is i a prime number?
False
Is (-5)/(-4)*(-36003112)/(-530) a composite number?
False
Let z = -83790 + 121109. Is z a composite number?
True
Suppose -15 + 11 = y, -3*h + 14877 = -3*y. Suppose -10*u + 34935 = -h. Is u a prime number?
True
Let t(q) = 11*q + 80. Let d be t(-4). Is d/(-24) - (-19322)/4 composite?
True
Let h = -43946 + 126229. Is h a prime number?
False
Suppose -5*z + 2286015 = 5*d, 2*z - 168*d = -167*d + 914418. Is z prime?
False
Is -28*1/(-4) - -63340 composite?
False
Let h = -151333 + 219584. Is h a composite number?
True
Let x = 624720 + 86609. Is x prime?
True
Let q = -6678 - -11856. Let j = q - 3667. Is j a prime number?
True
Suppose -3*z + 5*h + 140889 + 42046 = 0, 0 = 4*z - h - 243936. Is z prime?
False
Is -13 + 31785 + 6 + 3 a composite number?
True
Let b(f) = f**3 + 19*f**2 - 23*f - 50. Let h be b(-20). Let n(y) = 3*y**3 - 22*y**2 + 19*y + 14. Let a be n(h). Suppose 75 = k - a. Is k prime?
False
Let k(x) = 119*x**2 + 43*x - 675. Is k(32) composite?
False
Suppose 5*q - 980440 = 6*s - s, q = 4*s + 196073. Is q a prime number?
False
Let k = -7856 + 7851. Suppose -75 = -n + 6*n. Is k*3/n*713 composite?
True
Let z(h) = 75421*h**2 + 11*h - 1. Is z(1) composite?
False
Suppose -g - 6*b + 9*b = -21, 69 = 5*g - 3*b. Suppose 122434 = g*f - 107018. Is f a prime number?
True
Is 504/(-99) - -1*5 - 126888/(-33) composite?
True
Let n = 337 + -337. Is 189 + n + (-11 - (-7 - 6)) prime?
True
Suppose 1603*x = 1566*x + 21542473. Is x a prime number?
False
Let q(b) = 1443*b**2 - 285*b + 859. Is q(3) a composite number?
True
Let x = -2911 + 4888. Let q = -578 + x. Is q a prime number?
True
Let t(v) = v**2 - 8*v - 61. Let d be 2/4*((4 - 7) + 39). Is t(d) prime?
False
Suppose 0*j + 5*j = 50. Let m(a) = 7*a + 15. Let r be m(j). Let t = -42 + r. Is t composite?
False
Let u(y) = -531*y**3 - y**2 - y - 1. Let g be u(-1). Let n = 176 - g. Is (-6)/12*(n/(-1))/(-1) prime?
False
Let g(x) = 40*x**2 - 43*x + 11. Suppose 0 = 3*v - 4*n + 60, -2*v = -5*n + 43 - 3. Is g(v) a prime number?
True
Suppose g + 3*m = 5*g + 1334, 0 = -5*m + 10. Let k = g - -823. Is k composite?
False
Let c = 157653 -